78. Determine t(-2).
-3
Let s be (6 + -4)/(4/(-28)). Let h be (-4)/s + 9/(-7). Let q(w) = -4*w**2 - w - 1. What is q(h)?
-4
Let f(l) = 6*l**2 + 4*l - 7. Let i(x) = x**2 + x - 1. Let r(g) = -f(g) + 5*i(g). Let q(y) be the first derivative of r(y). What is q(-3)?
7
Let b(y) = 4*y. Let q(c) = 3*c + 1. Let t(l) = 4*b(l) - 5*q(l). Suppose -19 = -9*w + 35. What is t(w)?
1
Let x(k) = k - 2. Let y be x(2). Let n(r) = -r**2 + 5*r - 9. Let c(s) be the first derivative of s**2/2 - s + 14. Let b(h) = 6*c(h) - n(h). Calculate b(y).
3
Let o(d) = d**3 + 5*d**2 - 7*d - 4. Let r be (-1140)/(-40)*8/3. Suppose y + 1 + 38 = 4*u, 4*y + 4*u + r = 0. Let w = 17 + y. Determine o(w).
2
Let s be 16/6*9/(-4). Let x be -2*26*((-77)/(-4))/(-7). Let g(j) = -272 + 134 + j + x. Give g(s).
-1
Let c(m) be the first derivative of m**4/4 - m**3 - m**2 - 10*m - 50. What is c(4)?
-2
Let h(w) = -w**3 + 6*w - 1. Let g(a) = 5*a**3 - 2*a**2 - 25*a + 2. Let q(i) = 2*g(i) + 9*h(i). Give q(4).
11
Suppose 2 - 18 = -2*j. Let f be ((-12)/16)/((-3)/j). Let r(b) = b**2 - 3*b + 3. What is r(f)?
1
Let a(o) = o**3 - 6*o**2 + 2*o - 8. Suppose -34 = -5*j - 4*r, 19*j + 5*r = 15*j + 29. Determine a(j).
4
Suppose 5*b - 34 = -9, 0 = -y - 2*b + 10. Let x(o) = o**2 + o - 15. What is x(y)?
-15
Let h(g) = g**3 + g**2 + g + 4. Suppose 2*q + 19 + 15 = -4*r, -r = -4*q - 113. Let v = q - -24. Calculate h(v).
-17
Let g(o) = 5*o**3 - 5*o + 5*o**2 - 4 - 4*o**3 + 0*o**2 - o**2 - 9*o**2. What is g(6)?
2
Let b be 2*(5/2)/(-1). Let o(d) = -231*d + 6 + 116*d + 117*d. Give o(b).
-4
Let c = 82 - 83. Let i(o) = o**3 + o**2. What is i(c)?
0
Let p(s) = 37*s**2 - 18*s + 11. Let h(n) = -22*n**2 + 9*n - 5. Let m(u) = -5*h(u) - 3*p(u). Suppose -4*q = -3*q - 4*o + 5, -5*q = -2*o - 29. Give m(q).
6
Suppose -z - 7 + 26 = 4*i, 2*z + 27 = 5*i. Let h(p) = 5*p - 4*p + i + 2*p - 2*p. Calculate h(-4).
1
Let y(i) be the first derivative of i**3 + 0*i**2 - 1/4*i**4 + 2*i - 9. Give y(3).
2
Let v(m) = -m**2 + 97*m - 35*m + 5 - 36*m - 33*m. Let a(l) = l**2 + l. Let p(h) = -3*a(h) - v(h). What is p(4)?
-21
Let r(a) = -86*a + 32. Let x(f) = 30*f - 11. Let l(y) = -6*r(y) - 17*x(y). Give l(4).
19
Suppose 5*k = 3*i + 8, 2*k - i - 8 = -k. Let n = k + 1. Let c(q) be the second derivative of q**3/6 - q**2/2 - 6*q - 80. Determine c(n).
4
Let i = -17 - -25. Let y = 11 - i. Let w(s) = -s**3 + 2*s**2 + 3*s + 3. Give w(y).
3
Let u(o) be the third derivative of -o**5/60 - o**4/8 + o**3/2 - 3*o**2. Let w(k) = -2*k + 1. Let i be w(3). Give u(i).
-7
Let c(o) be the third derivative of -o**5/60 + o**4/6 + o**3/6 + 112*o**2. Calculate c(5).
-4
Let p(s) = -s. Let m be ((-16)/(-24))/(2/12). Suppose -9 - 7 = -m*a. What is p(a)?
-4
Let h(v) = 20*v - 11 + 17 - 21*v. What is h(0)?
6
Let l(o) = 6*o + 6*o**2 + 3*o**2 - 2*o - 10*o**2. Suppose 4*y = 7 + 9. Determine l(y).
0
Let w(y) = y**3 + 17*y**2 - 17*y + 22. Let c be w(-18). Suppose -c*h = 33 - 37. Let a(x) = -24*x**2. What is a(h)?
-24
Let t(w) be the first derivative of -w**2/2 + 4*w + 1. Let s be (-2 - 100) + 2 + (1 - 1). Let z be 5/(s/15) + (-17)/4. Give t(z).
9
Let m(y) = 2*y + 6. Let u(a) = 1. Let i(p) = m(p) - 4*u(p). Let c be -4*1/2 - -1. Let b(q) = q. Let n(v) = c*i(v) + b(v). Determine n(-4).
2
Let u(c) = -4*c - 1. Let k(b) be the second derivative of b**5/20 + 7*b**4/12 - 3*b**3 - 3*b**2/2 + 32*b. Let d be k(-9). Determine u(d).
11
Let u(v) be the second derivative of -v**7/840 - v**6/60 - v**5/60 + v**4/8 - 13*v**3/6 - 12*v. Let f(i) be the second derivative of u(i). Determine f(-6).
15
Let h(t) be the third derivative of 17*t**5/60 + 7*t**4/24 - 3*t**3/2 - t**2. Let k(j) = -8*j**2 - 4*j + 5. Let y(v) = 4*h(v) + 7*k(v). Calculate y(-1).
11
Let f(j) = -2*j + 28. Suppose 0 = 2*v + d - 16, -13*v + 8*v + 4*d + 66 = 0. Give f(v).
8
Let h(r) = r**3 - 13*r**2 + 7 - 2 - 9 + 4 + 4. Give h(13).
4
Let b(t) be the third derivative of t**5/120 + 16*t**3/3 + 28*t**2. Let q(o) be the first derivative of b(o). Determine q(0).
0
Let w(o) = -4*o**3 - 11*o**2 + 5*o - 2. Let x(c) = -c**3 - 2*c**2 + c. Let b(g) = w(g) - 5*x(g). Give b(2).
2
Let b = 9 + 4. Suppose -b = 15*i + 32. Let z(c) be the second derivative of -c**5/20 - c**4/3 - c**3/3 + c**2/2 - 2*c. Determine z(i).
-2
Let a = 11 + 5. Let j = 21 - a. Suppose -2*p + 1 - 6 = -3*t, j*t - 10 = 3*p. Let q(g) = g**3 - 3*g**2 - 7*g - 2. Calculate q(t).
13
Suppose -w + 6*w = -5*w. Let t(x) = x - 1. Give t(w).
-1
Let s(g) = g + 25. Let o be s(0). Suppose -j - 4*j = -o. Let r(x) = 65*x**2 + 0 - 70*x**2 + 4 + 10*x**3 - 9*x**3. What is r(j)?
4
Let g(t) = -t**2 - 7*t - 4. Let n(j) = -j**3 - j**2 - j - 24. Let u be n(0). Let v = u + 29. Suppose 0 = -v*h - d - 31, 3*h - 4*h + 3*d - 3 = 0. Determine g(h).
2
Let u be 13 + 1 + -4 + 4. Suppose -u = -m - 1. Let b = m + -16. Let t(r) = -r**2 - 4*r + 1. Give t(b).
4
Let f(z) = -2*z**3 + 5*z**2 - 3*z - 2. Let j be f(2). Let m(w) = 7*w. Give m(j).
-28
Let u(a) = -5*a**3 + 35*a**2 - a + 3. Let i(o) = -4*o**3 + 30*o**2 + 2. Let b(z) = -6*i(z) + 5*u(z). Calculate b(-4).
7
Let k = 8 + -5. Suppose 3*x + k*l = -0*x, -3*x - l + 8 = 0. Let p(i) = -2*i + 6. What is p(x)?
-2
Let a(i) = 6*i - 1. Let r(x) = x**3 + 3*x**2 - 2*x + 9. Let k be r(-4). Determine a(k).
5
Let s(w) be the second derivative of 7*w + 0*w**3 + 0*w**2 - 1/30*w**5 + 1/3*w**4 + 0 - 1/720*w**6. Let m(b) be the third derivative of s(b). Determine m(-3).
-1
Let p(n) = -4*n**2 - 2*n + 1. Let v = 804 - 801. Calculate p(v).
-41
Let p(u) = 14*u**2. Suppose -w + 5*c - 2*c + 16 = 0, 12 = 4*w + c. Suppose -s - v = 3*s, 5*v = -w*s - 16. Give p(s).
14
Let b = -1062 - -1055. Let q(u) = u**2 + 2*u - 7. What is q(b)?
28
Let f(z) = -151*z - 1 - z**2 + 18 + 140*z. Calculate f(-12).
5
Let o = -52 - -58. Let f(x) = 4*x**2 + 5*x - 9. Let t(l) = l**3 - l**2 - l - 1. Let q(a) = -f(a) + t(a). Calculate q(o).
8
Suppose 0 = 78*u - 82*u - 8. Let y(v) = 4*v**2 + 2*v + 1. Calculate y(u).
13
Let i(k) = 4*k. Let d(j) = -j + 1. Let a(z) = -2*d(z) - i(z). Let h be (-2)/(-4) + 65/10. Determine a(h).
-16
Let z(j) = -j**3 - j. Let t be z(0). Suppose 24 = 5*b - b - 4*q, t = -5*q - 25. Let o be 0/(b*(0 - -2)). Let f(l) = -l - 2. What is f(o)?
-2
Let u(m) = 3*m**2 + 2*m. Let a(v) = v**3 + 23*v**2 - v - 21. Let p be a(-23). Determine u(p).
16
Let b(p) = -11*p**3 - 35*p**2 + 5*p + 64. Let q(y) = -4*y**3 - 13*y**2 + 2*y + 21. Let m(n) = 3*b(n) - 8*q(n). Suppose 0 = -i - 3*i. Calculate m(i).
24
Suppose 0 = 2*s + 2*s. Let f(j) = -4 + 2 - j + 5 - 3*j**2 - 5*j**3. Let t(c) = 14*c**3 + 8*c**2 + 3*c - 9. Let n(x) = 11*f(x) + 4*t(x). What is n(s)?
-3
Suppose 42 = -13*d + 15*d. Let x = d - 17. Let r(m) = -5 + m + 2*m - 2*m. Give r(x).
-1
Let c be ((-1)/1 - 3) + -2. Let t(m) = m + 8. Let r be t(c). Let s(g) = -124*g + 383*g - 130*g - 126*g - 1. What is s(r)?
5
Let t(l) = -9*l - 1. Let j(v) = -17*v - 2. Let y(g) = -3*j(g) + 5*t(g). Suppose 4*u + 4*o = 0, -5*o = -5*u - 7*o - 3. Determine y(u).
-5
Let h(z) = -7*z - 49. Let c be h(-7). Let t(q) be the second derivative of 6*q + c - 1/3*q**3 + 3*q**2. Give t(6).
-6
Let x be 48/(-32)*(-8)/6. Let g(v) = 4 - 1 - x*v + 0 - 5. Give g(3).
-8
Let y(i) = 6*i**2 - 5 + i**2 - 2*i**3 + 3*i**3 + 5*i. Let z(q) = 4*q + 10. Let u(w) = 4*w + 9. Let m(l) = -4*u(l) + 5*z(l). Let x be m(-5). What is y(x)?
1
Let p(d) = -34*d**3 - 4*d**2 + 13. Let z be 7 + -10 - (-1 + -13). Let b(a) = 17*a**3 + 2*a**2 - 7. Let l(t) = z*b(t) + 6*p(t). Calculate l(1).
-18
Let c(t) = 4*t**2 - 5*t - 4. Let n(u) = 5*u**2 - 6*u - 5. Let k(i) = -4*c(i) + 3*n(i). Let l be 3/((-45)/(-5))*9. Give k(l).
-2
Let g(s) be the third derivative of -s**6/120 + s**5/15 - s**4/8 + s**3/2 - 162*s**2. What is g(3)?
3
Let i(h) = 1 - 6 + 5*h**2 + 0 + h**3 + 2*h. Let y be i(-4). Let a(r) = 6 + 2*r + y*r**2 - 2*r**2 - 3. Give a(-2).
3
Let l(k) = -5 - 457*k + 1 - 4 + 453*k - 1. Determine l(0).
-9
Let p(m) be the third derivative of m**4/24 + 2*m**3/3 - 4*m**2 + 10. Calculate p(3).
7
Let l be 9/(225/(-760)) - 4/(-10). Let b = -26 - l. Let p(f) = -2*f**2 + 4*f + 2. What is p(b)?
-14
Let x(a) = a**2 - 2*a + 3. Suppose -12 = 4*w, b - 10*w - 12 = -5*w. Let p be (24/(-12) - (-1)/1)*b. What is x(p)?
6
Let q(v) = 2*v + v + 3 - 7. Let n = 20 - 16. Calculate q(n).
8
Let u(z) = -18*z - 68. Let x(o) = o + 4. Let k(q) = 3*u(q) + 48*x(q). Determine k(-4).
12